 common divisor of x and 14.
7
Let t(f) = 6*f**2 - 113*f - 583. Let w be t(-5). Calculate the greatest common factor of 6204 and w.
132
Let m(u) = -4*u - 189. Let y be m(-51). Calculate the greatest common factor of y and 1515.
15
Suppose 8*z - 3*z - 30 = 0. Let m be (z/(-2))/((-3)/(-2)). Let v be ((-72)/(-10))/(m/(-5)). Calculate the greatest common divisor of v and 36.
18
Let l(q) = -2*q**2 - 159*q - 488. Let m be l(-51). Calculate the greatest common divisor of m and 236.
59
Let y be 319/(-44) - 2/(-8). Let w be (y - -10)*(-8)/(-3). Suppose 2*q + w = 0, -x + 2*q - 4*q = -208. What is the highest common factor of x and 24?
24
Suppose -12*k = -0*k - 48. Suppose -k*a + 1 + 11 = 0. Calculate the greatest common divisor of a and 93.
3
Suppose -177 = -5*b - 2*g, -b + 15 = -517*g + 514*g. What is the greatest common factor of 15279 and b?
33
Let w be 24/84 - (-8)/(-28). Suppose 0 = -3*k - w + 30. What is the greatest common divisor of k and 45?
5
Suppose 4*r = 2*k + 467 + 515, 5*r = -3*k - 1528. Let o = -229 - k. What is the greatest common factor of 51 and o?
17
Suppose 5*t - 37 = 8*o - 10*o, -4*t = -4. Calculate the greatest common factor of o and 280.
8
Suppose 4*k + 3*q - 37 - 228 = 0, 2*q = -4*k + 262. Let n = -6946 - -7522. What is the highest common factor of k and n?
64
Let t be (-2793)/38 - (0 - (-4)/8). Let s = 83 + t. What is the highest common divisor of 207 and s?
9
Let y(c) = -19*c**3 - 7*c**2 + 5*c. Let q be y(-6). Suppose 24*t + q = 30*t. What is the highest common divisor of 13 and t?
13
Let h be (-5)/(-35) - (-5)/35*125. What is the greatest common divisor of h and 4866?
6
Let l be (-542)/6 - (-2)/6. Let g = -77 - l. Calculate the greatest common factor of 104 and g.
13
Suppose -30*h + 486 = -39*h. Let z = -5 - -72. Let g = z + h. Calculate the greatest common divisor of g and 26.
13
Suppose -677673 = -123*b - 228108. What is the highest common factor of b and 215?
215
Let q(d) be the third derivative of -d**6/120 - d**4/24 + 4*d**3 + 451*d**2. Let i = 0 - 0. Let w be q(i). What is the highest common divisor of 8 and w?
8
Let i(d) = -4*d**2 + 17*d - 47. Let v(f) = -12*f**2 + 50*f - 139. Let r(y) = 17*i(y) - 6*v(y). Let q be r(9). Calculate the greatest common factor of q and 20.
20
Let b be (3 + 13)/(-4) + 13. Let o(k) = -6*k + 1. Let y be o(0). Let i be 12/(-6) - -64 - (0 - y). What is the greatest common divisor of i and b?
9
Let t be 4 + (9 - (-1065 - 2)). Calculate the greatest common divisor of t and 8.
8
Suppose -r - 3 = -2*r. Let w be (-14)/42 + (-136)/(-12). Suppose -13 + w = -g. Calculate the highest common divisor of r and g.
1
Let q = -26072 - -30779. What is the highest common factor of q and 9?
9
Suppose 0 = -347*w + 2753 + 23. Calculate the highest common factor of w and 9368.
8
Let q(n) = 2*n - 32. Let z be q(16). Suppose z = -10*s + 5*s + 35. Let y = -4 + 11. Calculate the highest common factor of y and s.
7
Suppose -3*w - 470 + 7389 = 781. Calculate the highest common divisor of w and 462.
66
Let t = -14251 + 14507. Calculate the greatest common divisor of t and 1.
1
Let q be 1*(0 - -1)*-3. Let i be (1 - 20)*q/3 - -5. Calculate the greatest common divisor of i and 384.
24
Suppose -3*p - 4*o + 0*o + 209 = 0, p - 2*o - 73 = 0. Suppose -832 = -14*s + 162. Calculate the greatest common divisor of p and s.
71
Let n(r) = -4*r**2 - 68*r - 357 - 45*r + 343. Let t be n(-28). What is the greatest common factor of t and 77?
7
Suppose -15*j + 312 = 102. Let t be ((-4)/14 + 0)*-7. Suppose -3*k - t*k + 630 = 0. What is the greatest common divisor of k and j?
14
Suppose -5*f + 41 = -304. Let g = -598 + 1445. Suppose 844*t - g*t = -138. What is the highest common divisor of t and f?
23
Let q(y) be the second derivative of y**4/12 - 17*y**3/3 - 34*y**2 + 7*y - 6. Let d be q(38). Calculate the greatest common divisor of d and 24.
12
Let p be 1*(-12 + -9636)/(-16). What is the greatest common divisor of 7437 and p?
201
Let g = -14359 - -15439. What is the highest common factor of g and 315?
45
Suppose y - 21 - 237 = 0. Calculate the greatest common divisor of y and 24.
6
Let v = -2708 + 2789. Calculate the highest common divisor of 4077 and v.
27
Let m be -2*13/(-6) - (-2)/(-6). Suppose y + 108 = -d, -3*y + m*d - 106 = 190. Let o = -60 - y. What is the greatest common divisor of o and 11?
11
Let o be 128862/45 - ((-2)/5 - 0). What is the greatest common divisor of o and 16?
16
Let u(h) = 21*h**3 + 5*h**2 - 109*h - 6. Let k be u(8). What is the highest common factor of k and 12?
6
Let f(r) = 91*r**2 + 12*r - 7. Let o(k) = -92*k**2 - 11*k + 7. Let i(m) = -4*f(m) - 5*o(m). Let s be i(1). What is the greatest common factor of 2 and s?
2
Let o = 903 + -873. Let n be 12 + -1 + o/(-8 - 2). What is the highest common factor of 56 and n?
8
Suppose 0 = 2*s - 5*u - 382, -4*s + 4*u - 165 = -5*s. Suppose 27*i = 1558 - s. What is the greatest common factor of i and 17?
17
Let m(p) = 672*p + 2038. Let n be m(-3). Calculate the greatest common divisor of n and 16126.
22
Let g be (-1 - -2)*150/6. Suppose x + g = 6*x. Let u be 2 - (4/22 - (-140)/(-44)). Calculate the greatest common factor of x and u.
5
Let j(c) be the second derivative of c**4/12 - 13*c**3/6 - c**2 + 7*c. Let y be j(14). Calculate the greatest common factor of 24 and y.
12
Let q(w) = 749*w + 474. Let r be q(6). Calculate the greatest common factor of 48 and r.
24
Suppose -11 = 6*l - 41. Let h be -2*((-69)/15)/(2/l). Suppose w = -4, -i - h = -3*w - 101. Calculate the highest common divisor of i and 11.
11
Suppose 0 = -3*o + 1647 + 369. Suppose p - 15*p + o = 0. What is the greatest common factor of p and 6?
6
Let x(c) = 10*c**2 + 14*c + 224. Let h be x(-16). Calculate the highest common divisor of 5 and h.
5
Let j = -17308 + 18718. Calculate the greatest common factor of j and 600.
30
Suppose -2*u - 4*d - 22 + 42 = 0, 3*d = -3*u + 45. Suppose -3302 = -u*t + 4518. Calculate the greatest common divisor of t and 23.
23
Let g be 10/3*27/18. Suppose -g*c - 200 = -10*c. Let f = -681 + 711. What is the greatest common divisor of f and c?
10
Suppose -3*w + 0*w + 1714 + 1115 = 0. Calculate the highest common factor of 41 and w.
41
Suppose m = -2 + 12. Suppose -4*p + m = x, 1 = p - 3. Let v(c) = -c**3 - 5*c**2 + 4*c - 3. Let t be v(x). Calculate the highest common factor of 27 and t.
9
Suppose -19*z - 3*q + 111 = -13*z, 5*z - 5*q = 85. Suppose 0 = 3*h - 2*h - 72. Calculate the greatest common factor of h and z.
18
Suppose -46*l + 4*l + 1472 = 4*l. What is the highest common divisor of l and 12256?
32
Let v(c) = 4*c**2 + 4*c - 69. Let i be ((-8)/4)/2 + 8 + 0. Let m be v(i). What is the greatest common divisor of m and 31?
31
Let n be 3 + -1 + (-1 - 0). Let h(s) = -6*s**3 + 485*s**2 - 411*s + 965. Let m be h(80). What is the highest common divisor of n and m?
1
Suppose 3*s - 6 = q, 12*q + 5*s = 7*q + 90. Let w = 1157 + -665. What is the greatest common factor of w and q?
12
Suppose 0 = 2*i - h - 9, 2*i + 4*h + 1 = 35. Suppose 5*x = z - 14, 2*x = i*z - 5*z - 68. Calculate the greatest common divisor of z and 78.
39
Let y be (-1 - -3)/(7/((-378)/4)). Let i(t) = -t**3 - 29*t**2 - 57*t - 73. Let v be i(y). Calculate the greatest common factor of 424 and v.
8
Suppose 807 = 62*r - 775 - 898. Let a be 3198/10 - (-6)/30. What is the highest common factor of a and r?
40
Let c(o) = o**3 + 10*o**2 - 17*o - 6. Let b be c(-11). Let g be ((-6)/4)/((b/112)/(-5)). Calculate the highest common factor of 56 and g.
14
Let f be 1 + 7 - (41 + -35). Suppose -f*y = c - 338, -5*c + 0*c - 507 = -3*y. What is the greatest common divisor of 13 and y?
13
Let b = 1928 + -1913. Let g = -8 + 33. What is the highest common divisor of b and g?
5
Let d(t) = 4*t + 10. Let q be d(-3). Let h be 34/q*-34 + 0. Let u be 1/(-3) + h/6 + -2. Calculate the greatest common factor of u and 235.
47
Suppose -1096 = 4*l + 5*r - 48651, 5*r + 5 = 0. Calculate the highest common divisor of 41 and l.
41
Let r(f) = -4*f**3 - 5*f**2 + 2*f + 4. Suppose 141*u - 72 = 138*u. Suppose 0 = v - 7*v - u. Let b be r(v). What is the greatest common divisor of b and 43?
43
Let p be (11/(-22) - -3)*22. Suppose 10 = -9*n + 11*n. What is the greatest common divisor of p and n?
5
Let x(o) = -o**3 + 8*o**2 + 2*o - 18. Let k be x(8). Let y be (33/k)/(1/2). Let 